t q be w/(-39) - (-2)/13. Let m(f) = f**3 - 2*f**2 + 5*f - 8. List the prime factors of m(q).
2, 11
Suppose g = 4*o - 40, 0*o + 5*o - 67 = -3*g. Let s = -9 + o. Suppose 5*r + 30 = s*p, 12 = p - 4*r - 9. List the prime factors of p.
5
Let n(x) = 72*x + 43. List the prime factors of n(4).
331
Let g(v) = -4*v + 8. Let i(w) = 3*w - 7. Let r(l) = -4*g(l) - 5*i(l). Let f = 5 + 3. What are the prime factors of r(f)?
11
Let y be (3/(-2))/((-3380)/848 + 4). What are the prime factors of y/3*(1 - (-15)/(-6))?
53
Let y be 4/(-22) - (-72)/33. Let g = 4 + -2. List the prime factors of 55/g - 1/y.
3
Let h be 4/8 + 26/(-4). What are the prime factors of ((-129)/9)/(1/h)?
2, 43
Let o(j) be the first derivative of 3*j + 4/3*j**3 - 5 - 5/2*j**2. List the prime factors of o(3).
2, 3
Let m be (-20)/(36/(-8) + 4). Suppose f + m = 109. List the prime factors of f.
3, 23
Let r be -2*(114/4)/3. Let o = 49 - r. Let m = o - 44. List the prime factors of m.
2, 3
Let w(b) = -40*b - 13. What are the prime factors of w(-10)?
3, 43
Let l = 94 - 92. Suppose n + o = 189, 0*o + 406 = l*n - 5*o. List the prime factors of n.
193
Suppose d = 3*i - 824, -4*d + 269 = 4*i - 851. List the prime factors of i.
2, 3, 23
Let w = 53 - -285. What are the prime factors of w?
2, 13
Let w(v) = 2*v**3 + 34*v**2 + 10*v + 4. What are the prime factors of w(-15)?
2, 13, 29
Let t(q) = -q**2 + 17*q - 5. Let j(d) = 2*d**2 - 13*d + 6. Let l be j(7). Let f be t(l). Suppose -18 - f = -5*x. List the prime factors of x.
13
Let q be 0 - 6/(0 - (-6)/(-9)). Suppose -q*x + 249 = -6*x. What are the prime factors of x?
83
Suppose -21*m - 11362 = -4*v - 23*m, -2*m - 5666 = -2*v. What are the prime factors of v?
2, 3, 11, 43
Let m(j) = -10*j + 203. What are the prime factors of m(-16)?
3, 11
List the prime factors of 6/5 + (-244980)/(-225).
2, 5, 109
Let x(p) = -p - 1. Let l(d) = -14*d + 10. Let n(y) = -l(y) - 3*x(y). List the prime factors of n(12).
197
Suppose 0 = -7*t + 2*t + 4*a + 6575, a = -5*t + 6575. List the prime factors of t.
5, 263
Let y = 81 - 52. Suppose -9 = -4*k + 4*j - y, -3*k - j + 5 = 0. Suppose -30 = -u + 5*g - k*g, -4*g = u - 30. What are the prime factors of u?
2, 3, 5
Let h = 2326 - 168. What are the prime factors of h?
2, 13, 83
Let g(w) = w**3 + 2*w**2 + 2*w + 195. What are the prime factors of g(0)?
3, 5, 13
Let t be (-6)/4*-66 - -5. Suppose 115 = j + d, -2*j + t = 4*d - 126. What are the prime factors of j?
5, 23
Let b = 7 + -34. List the prime factors of ((-126)/b)/((-1)/(-18)).
2, 3, 7
Suppose -4*u - 80 = -4*b, -5*b = -b - u - 74. Let m = -2 + b. Suppose 4 = k - m. List the prime factors of k.
2, 5
Let j = 180 + -90. Suppose -j = -5*o - h, -4*o = -h - 98 + 35. What are the prime factors of o?
17
Suppose 9*x + 7120 = 14*x. What are the prime factors of x?
2, 89
Let j(h) = -7*h - 1. Let l(w) = 3*w. Let r(v) = 2*j(v) + 5*l(v). Let a be r(4). What are the prime factors of a*(-1 - 68/(-8))?
3, 5
Suppose -2*g = -12 + 4. What are the prime factors of 4/(-3)*(-162)/g?
2, 3
Let d(h) = -342*h - 16. List the prime factors of d(-2).
2, 167
Suppose 0 = 4*p + 28 - 20. What are the prime factors of (-19)/p - 1/2?
3
Suppose 2*z = -4*w + 12, -4*w - 3*z + 6*z + 12 = 0. Suppose i = -3*u + w*i + 116, u = -4*i + 62. Let m = -25 + u. List the prime factors of m.
17
Let r(z) = 3*z**2 + 27*z - 9. Let s(b) = 2*b**2 + 13*b - 5. Let p(c) = 3*r(c) - 5*s(c). List the prime factors of p(10).
2, 29
Let l = -22 - -17. List the prime factors of l/((-60)/261)*(-40)/(-6).
5, 29
Let b(v) be the third derivative of -v**5/60 - 5*v**4/8 + 2*v**3/3 + 4*v**2. What are the prime factors of b(-12)?
2, 5
Let z(j) = 35*j**3 - 2*j + 6. Let x be z(3). What are the prime factors of ((-2)/(-6))/(5/x)?
3, 7
Suppose 29*r + 14092 = 42*r. What are the prime factors of r?
2, 271
Let k(c) = c**3 - 33*c**2 - 70*c + 174. What are the prime factors of k(36)?
2, 3, 257
Let q = -12 - -30. Let n be 86/q - (-4)/18. Suppose 0*k - n*k - 2*o = -69, 6 = 3*o. List the prime factors of k.
13
Suppose -2*t + 2*d + 112 = -4*t, 3*t = 5*d - 128. Let b = 129 + t. What are the prime factors of b?
2, 3, 13
Suppose j = -4*d + 91, -2 = -5*d - 5*j + 108. Let q = d - 21. Let a(b) = 7*b + 4. What are the prime factors of a(q)?
2, 3
Suppose -t - 2*d - 22 = 4*t, 5*t + 18 = 2*d. List the prime factors of 97 + (2 - 0) + 1 + t.
2, 3
Let m(w) = w**2 + 7*w + 8. Let b be m(-6). Suppose -b*k + d = -49, 3*k + 3*d = 2 + 67. Suppose 2*j - k = j. What are the prime factors of j?
2, 3
Let l(g) = -91*g - 2. Let x be l(-2). Suppose 20*d = 16*d + x. What are the prime factors of d?
3, 5
List the prime factors of (-4*1)/((-4265)/(-474) - 9).
2, 3, 79
Let j(o) = 9*o**2 - 32*o - 33. List the prime factors of j(7).
2, 23
Suppose 60 - 3 = -j + 2*h, 3*j = -h - 192. Let l = -26 - j. List the prime factors of l.
37
Suppose 3*w = -5*y + 13, 0 = 2*y - 2*w - 9 - 9. Suppose 3*i = -i - y*t + 75, i - 17 = -3*t. What are the prime factors of i?
2, 5
Suppose 4*l = -l + 1250. Suppose l = 3*h + 22. Suppose -4*s + h = -0*s. What are the prime factors of s?
19
Suppose 5*x + 2*x - 399 = 0. Suppose -3*f + x = u, 5*u = 3*u - 6. What are the prime factors of f?
2, 5
Let o(i) be the second derivative of 1/6*i**4 + 0 + 1/6*i**3 - 5*i - 3/2*i**2. List the prime factors of o(-4).
5
Let r(n) be the first derivative of -22*n**2 - 15*n - 4. List the prime factors of r(-2).
73
Suppose o = 3*t - 33, -3*o + 2*t - 91 = -3*t. Let y = o - -8. Let g = -9 - y. List the prime factors of g.
2, 5
Let i(p) = p**2 - 14*p - 25. Let m be i(16). Suppose m*q = -0*q + 224. List the prime factors of q.
2
Suppose 0 = u + 6 - 18. What are the prime factors of 2 - ((-886)/u - (-7)/(-42))?
2, 19
Let m(z) = 2*z**2 + 2*z + 25. List the prime factors of m(-16).
5, 101
Suppose -4*r + 5*h = -6487, -r + 60 = 4*h - 1588. Suppose -16*j + 100 = -r. What are the prime factors of j?
2, 3
Let d be (0 - (-2 + -48))*1. Suppose 2*r - 3*r + d = 0. List the prime factors of r.
2, 5
Suppose -5*j + 141 = -234. What are the prime factors of j?
3, 5
Suppose 54 = 4*u - 7*u. Let j = u + 21. Suppose -3*c = 3*l + 2*c - 55, j*c + 37 = l. List the prime factors of l.
5
Let u(q) = 4*q - 13. Let b be u(3). What are the prime factors of ((-16)/(-6)*1 - b)*33?
11
Let w(j) = 15*j**2 - 2*j + 1. Let v be w(1). Suppose v*g + 48 = 16*g. What are the prime factors of g?
2, 3
Suppose 393 + 536 = 2*t - 3*b, 3*t - 1393 = 4*b. What are the prime factors of t?
463
Suppose -5*z - 3*m + 2676 = 0, -4*m = 2*z - z - 542. What are the prime factors of z?
2, 3, 89
Let h = -499 + 1021. What are the prime factors of h?
2, 3, 29
What are the prime factors of (-4 - -2)*-3*26?
2, 3, 13
Let t(a) = -a**3 + 5*a**2 + 4*a. Let d be t(5). Let q(g) = 1 + 8*g - d*g + 6*g. What are the prime factors of q(-7)?
43
Suppose 0 = 3*c - 2*c + j + 11, -3*j = -3*c - 39. What are the prime factors of 2/(-3) + (-1088)/c?
2, 3, 5
Suppose -t = l - 398, -5*t - 1179 - 851 = -5*l. What are the prime factors of l?
2, 3, 67
Suppose 5*a - 2 = 4*a. Suppose 3*d - 9 = 3*c, -a*c - 11 + 35 = 3*d. Suppose 14 = -5*r + d*r. What are the prime factors of r?
2, 7
Let i = 145 - 54. List the prime factors of i.
7, 13
Suppose 0 = u + 2*u - 6. Suppose -5*j - 2*g = -592, u*j - 3*g + g = 234. List the prime factors of j.
2, 59
Let s(v) = v**2 + 3*v + 2. Let i be s(-1). Suppose 2*k = -i*k + 10. Suppose 3*u - 271 = -5*d, 3*d - 153 = -0*d - k*u. List the prime factors of d.
2, 7
Let l(k) = 12*k**2 + 2*k - 3. Suppose -4*j + j + 3 = 3*t, 2*t - 5*j = 2. List the prime factors of l(t).
11
Suppose -3*f = f + 8, 8412 = 4*t - 4*f. What are the prime factors of t?
11, 191
Suppose 112 + 275 = 3*u. What are the prime factors of u?
3, 43
Let m(d) = 6*d**2 - 17*d - 3. What are the prime factors of m(-10)?
13, 59
Suppose -5*x + 2*c = 12, 14 = -4*x - 3*c - 14. Let j = -2 - x. Suppose 125 = 3*y - j*l, -27 = -y - 3*l + 11. List the prime factors of y.
41
Let d be 3*(-3440)/(-42) - 6/(-21). Let p = d - 112. List the prime factors of p.
2, 67
Suppose 0*v + 2*v + 3*n = -2, -2*n + 4 = 0. List the prime factors of (6 + -92)*(v - -3).
2, 43
Suppose -2*d = 46*d - 16656. What are the prime factors of d?
347
Suppose -2*i + 2328 = -5*o, 56*o = 3*i + 59*o - 3471. List the prime factors of i.
19, 61
Let n = 457 + 408. List the prime factors of n.
5, 173
L